 what is -1102 - 20?
-1122
In base 7, what is -16344 - -5?
-16336
In base 2, what is 1100 + 11010010?
11011110
In base 8, what is 127 - 3?
124
In base 14, what is -104 - -b?
-d7
In base 6, what is 3 - -5413?
5420
In base 6, what is -3 - -1112?
1105
In base 11, what is 0 - -222?
222
In base 3, what is 2 - -212111?
212120
In base 8, what is -15 - 333?
-350
In base 13, what is -6 - -27a?
274
In base 3, what is 1212012 - 2?
1212010
In base 16, what is -208 + 4?
-204
In base 9, what is -6282 - 1?
-6283
In base 15, what is -2 - 1ae7?
-1ae9
In base 12, what is -1b - -4?
-17
In base 3, what is 11 - 2201?
-2120
In base 2, what is -1111 - -1000100?
110101
In base 3, what is -11020210 + 11?
-11020122
In base 8, what is -52 - 3?
-55
In base 15, what is -149 - -2?
-147
In base 2, what is 11000 - -11?
11011
In base 14, what is 6 - -3?
9
In base 16, what is -14a - -1?
-149
In base 12, what is 5b + -9?
52
In base 12, what is -6 - 2a?
-34
In base 7, what is -3 - -335?
332
In base 7, what is -514 - 15?
-532
In base 13, what is 7 - -11?
18
In base 13, what is -5 + 215?
210
In base 12, what is 3b78 + -2?
3b76
In base 12, what is 63 + 103?
166
In base 16, what is -2 + -a?
-c
In base 13, what is 142 + -2?
140
In base 16, what is 16 + 0?
16
In base 6, what is 1 - -100054?
100055
In base 12, what is -1 + -a5?
-a6
In base 3, what is -22102 + -1?
-22110
In base 7, what is 5 + 5315?
5323
In base 15, what is -5c7 - 5?
-5cc
In base 2, what is 11110000 - 100?
11101100
In base 11, what is -1873 + -1?
-1874
In base 9, what is 5 + 10?
15
In base 14, what is -3 - -1180?
117b
In base 9, what is -24 - -4?
-20
In base 11, what is -3 + -346?
-349
In base 11, what is -1 - -167?
166
In base 10, what is -8 - 1465?
-1473
In base 3, what is 200 + -102001?
-101101
In base 13, what is a16 + -2?
a14
In base 2, what is 110 + -111010?
-110100
In base 8, what is 175 + 64?
261
In base 14, what is -2 + 16?
14
In base 16, what is 5 - -16?
1b
In base 16, what is -2 + c?
a
In base 4, what is 322 - -2?
330
In base 5, what is -10 - 104?
-114
In base 9, what is -4010 - 3?
-4013
In base 4, what is 20021 + 13?
20100
In base 15, what is 52c + -1?
52b
In base 16, what is -9ed + -8?
-9f5
In base 10, what is 215 + -3?
212
In base 11, what is -3 + -3a?
-42
In base 12, what is 0 - 99?
-99
In base 10, what is 4 + 37?
41
In base 10, what is 6 + 406?
412
In base 5, what is -13 + 10?
-3
In base 9, what is 5 + 170?
175
In base 12, what is -362 + a?
-354
In base 7, what is 34 - 522?
-455
In base 15, what is 1 - 66?
-65
In base 11, what is -a24 + 0?
-a24
In base 10, what is 13 - -541?
554
In base 3, what is 111220 - 2?
111211
In base 14, what is -1 + 2a?
29
In base 2, what is 1100011001 - -11?
1100011100
In base 7, what is -420 + 2?
-415
In base 2, what is 1100110 + -11?
1100011
In base 15, what is 20c4 + 1?
20c5
In base 4, what is -13133 - -3?
-13130
In base 13, what is 19 + -1?
18
In base 8, what is -13250 + -5?
-13255
In base 3, what is 110111011 - 0?
110111011
In base 7, what is 1345 - 12?
1333
In base 14, what is 90 - 41?
4d
In base 14, what is d7 - -29?
122
In base 11, what is 60 + -18?
43
In base 16, what is -2be + 0?
-2be
In base 5, what is -300 - -4?
-241
In base 9, what is 4 - -10?
14
In base 3, what is 1001 + -1000022?
-222021
In base 15, what is d + -21?
-13
In base 9, what is -141 - -1?
-140
In base 16, what is -2 + -cb?
-cd
In base 10, what is -2 - -360?
358
In base 12, what is 7 + -3b?
-34
In base 5, what is 231140 - -10?
231200
In base 11, what is 8543 + -3?
8540
In base 11, what is 17 + 5?
21
In base 10, what is -4 + -312?
-316
In base 11, what is -140 - 5?
-145
In base 5, what is 2131 - 0?
2131
In base 4, what is -2 + 30?
22
In base 5, what is -13 - -334?
321
In base 6, what is -11 - 12244?
-12255
In base 11, what is 2 - -71?
73
In base 11, what is 1a26 - 0?
1a26
In base 5, what is -4 - 144?
-203
In base 7, what is 104 - -32?
136
In base 11, what is -50a + -1?
-510
In base 7, what is -32 + -12?
-44
In base 2, what is 11100010 + -101?
11011101
In base 8, what is 1 + 226?
227
In base 5, what is -333 + 32?
-301
In base 4, what is 301 - 3?
232
In base 7, what is -14 - -2?
-12
In base 5, what is -104410 + 10?
-104400
In base 5, what is 11 - 2?
4
In base 16, what is -6 + -b7?
-bd
In base 7, what is -2260 - 63?
-2353
In base 4, what is -10030 + -1302?
-11332
In base 9, what is -31 + 5?
-25
In base 16, what is -35 + -50?
-85
In base 6, what is -4 + -141?
-145
In base 12, what is -1 - -12?
11
In base 15, what is 2d52 + 2?
2d54
In base 8, what is 2 + -242?
-240
In base 10, what is -78 - 8?
-86
In base 12, what is -1a4 + 5?
-19b
In base 3, what is 111 + 12?
200
In base 10, what is 41 + 14?
55
In base 2, what is 11 - 10001?
-1110
In base 10, what is -9 - 11?
-20
In base 9, what is -4 + 71?
66
In base 16, what is 1e24 + 5?
1e29
In base 7, what is 235 - 4?
231
In base 7, what is 12 - -165?
210
In base 11, what is -1a - -117?
a8
In base 11, what is -4 - -127?
123
In base 6, what is 1253 + 2?
1255
In base 16, what is 3 + 1?
4
In base 12, what is -143 - 6?
-149
In base 6, what is -453 + 1?
-452
In base 10, what is 0 - -63?
63
In base 15, what is 91 - -4?
95
In base 11, what is 0 + -5?
-5
In base 7, what is -221 + -35?
-256
In base 16, what is -4 - 1b2?
-1b6
In base 4, what is 3210 + -2?
3202
In base 14, what is 1b7c + -5?
1b77
In base 16, what is -4c + 0?
-4c
In base 6, what is -15 - -31?
12
In base 13, what is 5 - 18?
-13
In base 8, what is 3 + -42?
-37
In base 10, what is -87 - -5?
-82
In base 8, what is 3 - 400?
-375
In base 15, what is -10 + 6?
-9
In base 8, what is -5 + -17505?
-17512
In base 3, what is -10 + 10?
0
In base 4, what is -1010003 - 2?
-1010011
In base 9, what is -61 - 28?
-100
In base 3, what is -11201 + 0?
-11201
In base 9, what is -734 + -4?
-738
In base 7, what is -45 - 1065?
-1143
In base 4, what is 213131 + 11?
213202
In base 14, what is -3 + -1cb?
-1d0
In base 2, what is -1101110 + -1010?
-1111000
In base 4, what is -22 - 1230?
-1312
In base 14, what is b1 - 10?
a1
In base 15, what is -144 + -4?
-148
In base 3, what is -12 + 112?
100
In base 9, what is 3 - 1270?
-1266
In base 9, what is 2 + 165?
167
In base 5, what is 0 + 22104?
22104
In base 10, what is -298 - -25?
-273
In base 2, what is 1 + 111100010?
111100011
In base 12, what is 92 - -6?
98
In base 10, what is -63 - -1?
-62
In base 4, what is 1 + -131?
-130
In base 16, what is -5 - -32d?
328
In base 12, what is 0 + 59?
59
In base 2, what is -100000 + 1001?
-10111
In base 16, what is 1a - 1c3?
-1a9
In base 8, what is -32 + -203?
-235
In base 15, what is -1c - 15?
-32
In base 13, what is 0 - -9?
9
In base 3, what is -211 - 2?
-220
In base 7, what is 34205 + -4?
34201
In base 7, what is -150 - 4?
-154
In base 12, what is 16 + -10?
6
In base 9, what is -431 - -28?
-402
In base 15, what is -2be4 - -5?
-2bde
In base 16, what is 39 - 12?
27
In base 5, what is -10 + 43?
33
In base 7, what is -4600 - -2?
-4565
In base 14, what is -b11 + -4?
-b15
In base 2, what is 1001 + 111111?
1001000
In base 9, what is -6 + -23?
-30
In base 4, what is -2 - -10?
2
In base 6, what is 5 + -3210?
-3201
In base 10, what is 1 - 491?
-490
In base 10, what is -31541 - -3?
-31538
In base 8, what is -73 + 245?
152
In base 16, what is f - 27?
-18
In base 5, what is 341 + 0?
341
In base 14, what is -211d - 3?
-2122
In base 12, what is -4 + 124?
120
In base 7, what is -26451 + 3?
-26445
In base 15, what is -2 - d?
-10
In base 15, what is 1b - eb?
-d0
In base 4, what is 110 + -13?
31
In base 12, what is -5 + 2109?
2104
In base 16, what is 3 + -12?
-f
In base 10, what is 800 + 4?
804
In base 8, what is -454 + 34?
-420
In base 8, what is -22 + -47?
-71
In base 5, what is -132 + -3?
-140
In base 4, what is 1 + -1023301?
-1023300
In base 4, what is 100 - -3013?
3113
In base 5, what is -13 + -100?
-113
In base 8, what is -6746 + 3?
-6743
In base 10, what is 2 + 26?
28
In base 16, what is 10f - 5c?
b3
In base 16, what is -304a - -5?
-3045
In base 15, what is -1 - -1ed?
1ec
In base 8, what is -1 + -77?
-100
In base 4, what is -23 + -2012?
-2101
In base 15, what is -53 - -c?
-46
In base 10, what is -2 - -77?
75
In base 8, what is 2 - -62?
64
In base 14, what is -1 + b?
a
In base 8, what is -6675 - 1?
-6676
In base 4, what is 32 - -22?
120
In base 16, what is 2be - 1?
2bd
In